4. Suppose 3 = -3*w + 4*j - 3, -3*j + 3 = -3*w. Let x be i(w). Determine a(x).
-13
Let l(p) = -p + 13. Suppose -3*x + 9 = 6*q - 3*q, -x = -4*q - 3. Calculate l(q).
13
Let k(d) = d**3 + 8*d**2 - 9*d + 11. Suppose -302 = 6*l + 208. Let c = -94 - l. Give k(c).
11
Let s = -232 - -237. Let j(x) = x - 10. What is j(s)?
-5
Let w(g) = -11 + 3 + 30 + g - 4. What is w(-5)?
13
Suppose 4*h - 12 = 0, 6*h - h - 30 = 5*i. Suppose 1 - 1 = 4*g. Let u(x) = x - 5*x + g*x - 9 + 6. Determine u(i).
9
Let i(f) = -3*f**2 + f - 3*f**2 - 2*f**2 - 14*f**3 + 7*f**2 - 3. Let h(d) = 27*d**3 + 3*d**2 - 2*d + 7. Let t(s) = 2*h(s) + 5*i(s). Give t(1).
-15
Let y(p) = 2*p**2 - 3*p + 4. Suppose -f + 2*f - 3 = 0. Let l be y(f). Let k(w) = -12*w**2 + 1 + w**3 + l*w**2 - 4*w**3 - 2*w. Give k(1).
-3
Let w(y) be the third derivative of -y**4/4 + y**3/3 - 3*y**2. Let z(f) = -3*f**2 - 35*f - 24. Let j be z(-11). Give w(j).
14
Let p(j) = 1 - 2 + j**3 - 2 - 3*j - j**2. Let q = 26 - 28. Give p(q).
-9
Suppose -f - 10 = -5. Let m(z) = z**2 + 6*z + 5. Let a be m(f). Let x(j) = 1 + 4 - 4 + j. Give x(a).
1
Let d(j) = j + 4. Let g = 25 - 3. Let x = g + -20. Let w(v) = -2*v + 2. Let o be w(x). Give d(o).
2
Suppose 3*k = -0*k - 12. Let p(h) = -2*h - 18. Let j(n) = -3*n - 19. Let u(a) = k*p(a) + 3*j(a). Give u(10).
5
Let n(h) = -h**3 + 5*h**2 - 2*h - 3. Let y(i) = -9*i + 47. Let q(g) = -g + 1. Let d(a) = 2*q(a) - y(a). Let z be d(7). What is n(z)?
5
Suppose 2*g + 5 = 11. Let x(y) = 543 + y - 549 - 2*y + y**g. Suppose 2*m = -3*m. Give x(m).
-6
Let b(n) = 4*n + 3. Let s(c) = -c**2 + 15*c - 5. Let y be s(15). What is b(y)?
-17
Let h(c) = 2*c + 29. Let t be h(-10). Let v = t + 0. Let i(p) = 2*p - 12. Determine i(v).
6
Suppose 6 = -a - 2*w, 4*a + 57*w = 56*w - 17. Let l(k) = 7*k**3 - 2*k**2 + 4. Let v(s) = -6*s**3 + s**2 - 3. Let d(o) = -5*l(o) - 6*v(o). Determine d(a).
-2
Let u(i) = -i**3 + 3*i**2 - 2. Suppose -2*g = 5*g - 84. Let w = g - 10. Calculate u(w).
2
Suppose 2*l = 5*y + 31, 3*l + 8 = -4*y - 3. Suppose -x + 0*x = q - 8, -q - 4*x + 20 = 0. Let f(z) = 3*z - q - 4*z**2 + 3*z**2 + 10 - 2. Give f(l).
4
Let o(y) = 120428 - 120442 + 5*y - 6*y. What is o(-8)?
-6
Let b(j) be the first derivative of 20 - 1/4*j**4 + 4/3*j**3 - 3*j + 2*j**2. Give b(5).
-8
Let o(m) be the first derivative of m**5/60 + m**4/4 + 46*m**3/3 + 23. Let q(k) be the third derivative of o(k). What is q(-4)?
-2
Let d(k) = -k**2 + 15. Let f be 18*24/(-180)*(-5)/(-1). Let b be f/9 - (-4)/3. Determine d(b).
15
Let m(h) be the third derivative of -9*h**6/20 + h**5/60 + h**4/24 + h**3/6 - 49*h**2 + 4*h. Give m(-1).
55
Suppose -4*d = -2*d + c + 4, -5*d - 4 = c. Suppose m + 4*m + 30 = d. Let f(s) = -s**3 - 5*s**2 + 6*s + 3. Give f(m).
3
Let m be -3 + (-44)/(-4) - (11 + -11). Let u(i) be the first derivative of i**4/4 - 8*i**3/3 - i**2/2 - 10*i + 2. Give u(m).
-18
Let t(i) = -5 + 0 - 4 + 3 + 2*i - 1. Determine t(-6).
-19
Suppose 4*u = 3*f + 39, 4*f - 5 = 3*u - 43. Let j(i) = -i**3 - u*i**2 + 2*i**3 + 13*i**2 + i - 6*i**2 - 4. Calculate j(0).
-4
Suppose 19 = -12*y + 55. Let p(m) = -2*m**2 + 3. Give p(y).
-15
Let u be 5 - 3 - (0 - 3). Let b(m) = -11 - 5*m + 61*m**2 - 60*m**2 + 25 - 9. What is b(u)?
5
Let q = 4 + -2. Let w = 172 - 170. Suppose 8 = 2*y + 4*o, w + q = 4*y + 2*o. Let t(r) = -r + 7. Give t(y).
7
Let l(q) = q**3 + 3*q**2 + 3*q + 2. Let o = -33 - -38. Let d be 45/6 + 1/2. Let x = o - d. What is l(x)?
-7
Let g(l) be the third derivative of l**6/120 - l**5/5 + 11*l**4/24 - l**3/6 - 172*l**2. Calculate g(11).
-1
Let t(n) = 3*n - 6. Let v(q) be the second derivative of -7*q**3/6 + 13*q**2/2 - q. Let b(p) = 5*t(p) + 2*v(p). What is b(0)?
-4
Let x = 5 - 2. Let l(w) = 3 - x - w + 1. Suppose -2*i - 105*j + 102*j + 15 = 0, 0 = -4*i + 2*j + 6. Calculate l(i).
-2
Let p(m) = -5*m - 40. Let t be (-14)/4 + 2 - 299/46. Determine p(t).
0
Let r(d) = d**3 - 31*d**2 - 31*d - 32. Let y be r(32). Let i(k) = k**2 - 1. Give i(y).
-1
Let x = 20482 + -20486. Let t(i) = -7*i**2 - 13*i + 1. Let r(s) = -10*s**2 - 19*s + 1. Let j(b) = 5*r(b) - 7*t(b). Give j(x).
-2
Suppose 4*l + 8 = -2*u, -18*u + 15 = -13*u + 3*l. Let t(f) = -f**2 + 4*f + 3. Give t(u).
-9
Suppose -4*g + 3*r + 35 = 0, g - 15 = 14*r - 12*r. Let d(t) = -2*t**2 - t + 7. Determine d(g).
-48
Let v(t) = 4*t - 1. Let c(f) = -3*f. Let q(m) = 6*c(m) + 5*v(m). Give q(12).
19
Let c be (-93)/4 + (-12)/16. Let i = 18 + c. Let q(h) = 7 - h**2 - 3 + 4 - 3*h. Determine q(i).
-10
Let v(w) = 3. Let t(c) = c - 13. Let f(p) = -t(p) - 2*v(p). Calculate f(9).
-2
Let d(r) = -2*r**2 - 3*r + 4. Let y(g) = -2*g**2 - 4*g + 5. Let u(f) = -5*d(f) + 4*y(f). Suppose -2*k - 14*a = -11*a + 7, -2*a = -3*k + 9. Determine u(k).
1
Let v(g) be the first derivative of 1/3*g**3 + g - 6*g**4 - 27 - 1/2*g**2. Calculate v(1).
-23
Let s(z) = -225*z**2 + 229*z**2 - 3*z + 2 + 0*z**3 + z**3. Determine s(-5).
-8
Let t(c) = c + 2. Let m(y) = -y**3 - 16*y**2 + 3. Let i be m(-16). Let r be 4/(-3)*i*1. Determine t(r).
-2
Suppose v - 2*j = -3*j + 3, -15 = -5*j. Let a = 19 + -17. Let p(f) = 2 + 0 - 11*f**2 + 6*f**a + 3*f + v + f**3. Calculate p(3).
-7
Let s(k) = -3*k + 25 + 4*k - k + k. Calculate s(-17).
8
Let h(s) = 7*s**2 + s. Let f(l) = -l**3 + 32*l**2 - 29*l - 61. Let g be f(31). Calculate h(g).
8
Let r(d) be the first derivative of -d**3/6 - 5*d**2/2 - 23*d + 25. Let l(i) be the first derivative of r(i). Give l(-4).
-1
Let j(f) be the third derivative of -f**5/60 - f**4/3 - 10*f**3/3 + 267*f**2. What is j(-4)?
-4
Let k = 14 - 19. Let f(a) = 5*a + 3. Let h(r) = -6*r - 4. Let j(x) = k*f(x) - 4*h(x). Calculate j(0).
1
Let m be (-14 + 34)*(1 + 0)/(-1). Let d(o) = o**2 + 22*o + 37. Determine d(m).
-3
Let z(s) = 9*s + 39. Let j be z(-5). Let y(v) = -v**3 + 4*v**2 + 3. Let o be y(4). Let f(r) = 0*r + 0*r + r + r**o + 6*r**2 + 6. Determine f(j).
0
Let q(k) be the second derivative of -1/2*k**2 + 1/2*k**3 - 29*k + 0. Give q(3).
8
Suppose -6*c = -10*c + 2380. Let t be c/25 + (-1)/(-5). Let w = 17 - t. Let p(b) = -b - 6. Determine p(w).
1
Let w(t) be the first derivative of 4*t**2 - 4*t + 909. Let r(d) = d. Let i be r(3). Give w(i).
20
Let o(k) = -6*k + 138. Let l be o(24). Let g(z) = z**3 + 5*z**2 - 8*z - 13. Give g(l).
-1
Suppose -6*z - z = -10*z. Let x(p) be the second derivative of -p**4/12 - 5*p**2 - 23*p. Give x(z).
-10
Let c = 621 - 617. Let k(g) = -8*g - 1. Calculate k(c).
-33
Let y(r) = r. Let u = 6 - 8. Let v be -2*1/u + (-1 - 0). Determine y(v).
0
Suppose 6*q + 1 = 13. Let g(u) = u**3 - 7*u**2 - 8*u - 9. Let t(m) = 3*m**3 - 14*m**2 - 17*m - 19. Let j(f) = q*t(f) - 5*g(f). Calculate j(-6).
7
Suppose -5*v + 4*f - 8*f = 13, -3*v + 4*f = 27. Let i(s) = s**2 + 2*s + 1. What is i(v)?
16
Let j(i) = i**2 + 0*i**2 - 3*i - 2*i. Let z be 41/10 - -4*7/(-280). What is j(z)?
-4
Let d(w) be the second derivative of -w**3/3 - 5*w**2/2 + 122*w. What is d(0)?
-5
Let w(r) = -2*r**3 - r**2 + r - 1. Let k(b) = b**3 - 2*b**2 - 4. Let d be k(3). Suppose 2*q = 8, 3*x = x - d*q + 30. Suppose -4*l - l + x = 0. Calculate w(l).
-3
Let p = 18 - 18. Suppose p = -4*j + j + 15. Let c(b) = b**3 - 5*b**2 + 2*b - 4. Determine c(j).
6
Let s(p) = 696 - 5*p + 0*p**2 + p**2 - 702. Calculate s(8).
18
Let l be (13 + -10)*(-1)/3. Let y(b) = -21*b**2 - 3*b - 2. Give y(l).
-20
Let i(d) = -6*d + 3. Suppose -132 = -7*u + 15. Let v = -28 + u. Let y(h) = -5*h + 2. Let x(t) = v*y(t) + 6*i(t). What is x(-4)?
8
Let l(s) = -12*s + 7. Let k be l(1). Let p(b) = -b + 11. Let x(a) = a - 10. Let q(n) = k*p(n) - 6*x(n). Let w be (2 + (1 - -1))*-1. Calculate q(w).
9
Suppose a = 0, 2*w + 99 - 33 = 4*a. Let o = -26 - w. Let u(c) = c + 1. Determine u(o).
8
Let s(h) = h + 5. Let o(t) = -t**3 + t**2 + 5*t + 3. Let y be o(3). Let r(q) = -q**3 - q**2 + 2*q - 5. Let i be r(y). What is s(i)?
0
Let i(s) = -31905*s + 31908*s - 16 - 6. Give i(4).
-10
Let x(d) = -d + 3*d - 4*d. Let f be x(-2). Let s(p) be the third derivative of p**4/24 + p**3/6 + 88*p**2. Give s(f).
5
Let v(r) = -59*r**2 - 2*r + 15. Let f(y) = -32*y**2 - y + 8. Let h(q) = -11*f(q) + 6*v(q). What is h(0)?
2
Suppose 7*p - 41 - 1 = 0. Suppose 3*j + p = 6*j. Let l(g) = 4*g**3 + g**3 + 0*g**j + 3*g - 2*g**3 + 4*g**2. Give l(-2).
-14
Let v(t) = -5*t + 3. Let p(i) = 7*i - 2. Let o(s) = -2*p(s) - 3*v(s). What is o(1)?
-4
Let k be (93/6 + -5)/((-2)/